{"id":1073,"date":"2020-06-15T20:33:39","date_gmt":"2020-06-15T20:33:39","guid":{"rendered":"https:\/\/bioay.org\/?page_id=1073"},"modified":"2022-05-19T21:42:24","modified_gmt":"2022-05-19T21:42:24","slug":"areas-de-conservacion-complementarias","status":"publish","type":"page","link":"https:\/\/bioay.org\/?page_id=1073","title":{"rendered":"Otras Modalidades de Conservaci\u00f3n"},"content":{"rendered":"<p>[vc_row][vc_column width=\u00bb1\/2&#8243;][vc_single_image image=\u00bb1452&#8243; img_size=\u00bb350&#215;360&#8243; alignment=\u00bbcenter\u00bb css_animation=\u00bbbounceInRight\u00bb][\/vc_column][vc_column width=\u00bb1\/2&#8243;][vc_column_text css_animation=\u00bbfadeInDown\u00bb]<\/p>\n<blockquote>\n<h3 style=\"text-align: center;\">ACM BOSQUE SHO&#8217;LLET<\/h3>\n<\/blockquote>\n<p>[\/vc_column_text][vc_column_text]<\/p>\n<p style=\"text-align: justify;\"><!-- \/wp:post-content --><\/p>\n<p style=\"text-align: justify;\"><!-- wp:paragraph -->El \u00c1rea de Conservaci\u00f3n Municipal Bosque Sho\u2019llet tiene una superficie de 8995,20 hect\u00e1reas y se ubica a una altitud promedio de 2200 msnm, en una semi-meseta que constituye el divortium aquarum que divide las cuencas de Oxapampa y Villa Rica.<\/p>\n<p style=\"text-align: justify;\">Se han identificado 124 familias de plantas , rodales de \u00a0podocarp\u00e1ceas y variadas especies de orqu\u00eddeas, las que est\u00e1n muy distribuida por toda el \u00e1rea.<\/p>\n<p>[\/vc_column_text][\/vc_column][\/vc_row][vc_row][vc_column width=\u00bb1\/2&#8243;][vc_column_text css_animation=\u00bbfadeInDown\u00bb]<\/p>\n<blockquote>\n<h3 style=\"text-align: center;\"><strong>PROPUESTA DE ACR<\/strong><br \/>\n<strong> \u00abCHONTABAMBA HUANCABAMBA\u00bb<\/strong><\/h3>\n<\/blockquote>\n<p>[\/vc_column_text][vc_column_text]<!-- \/wp:paragraph --><\/p>\n<p style=\"text-align: justify;\">La propuesta de creaci\u00f3n del ACR CH-H se comienza a forjar en el a\u00f1o 2012 por la M.D. de Chontabamba y luego la M.D Huancabamba. Posteriormente, se inicia la propuesta del ACR a trav\u00e9s de un acuerdo tripartito.<\/p>\n<p style=\"text-align: justify;\">En ella se ubican parte de las microcuencas de Anana y Ancahuachanan y por el lado de chontabamba se encuentra las microcuencas de Chontabamba, Pusapno, Gramaz\u00fa y San Francisco<\/p>\n<p style=\"text-align: justify;\">Se han identificado 124 familias de plantas , rodales de \u00a0podocarp\u00e1ceas y variadas especies de orqu\u00eddeas, las que est\u00e1n muy distribuida por toda el \u00e1rea.<\/p>\n<p>[\/vc_column_text][\/vc_column][vc_column width=\u00bb1\/2&#8243;][vc_single_image image=\u00bb1090&#8243; img_size=\u00bb350&#215;480&#8243; alignment=\u00bbcenter\u00bb css_animation=\u00bbbounceInRight\u00bb][\/vc_column][\/vc_row][vc_row][vc_column width=\u00bb1\/2&#8243;][vc_single_image image=\u00bb1091&#8243; img_size=\u00bb350&#215;360&#8243; alignment=\u00bbright\u00bb css_animation=\u00bbbounceInRight\u00bb][\/vc_column][vc_column width=\u00bb1\/2&#8243;][vc_column_text css_animation=\u00bbbounceInDown\u00bb]<\/p>\n<blockquote>\n<h3 style=\"text-align: center;\"><strong>PROPUESTA DE ACM<br \/>\n\u00abDELF\u00cdN CHUMALLE\u00bb<\/strong><\/h3>\n<\/blockquote>\n<p>[\/vc_column_text][vc_column_text]<!-- \/wp:paragraph --><\/p>\n<p style=\"text-align: justify;\">Denominada \u00abCaminos de los Colonos Delf\u00edn \u2013 Chumalle\u00bb se encuentra ubicada en el distrito de Pozuzo. Comprende una superficie total de 5208.616 hect\u00e1reas, se encuentra contenida en las cuencas de los r\u00edos Huancabamba y Santa Cruz, conteniendo a su vez a las microcuencas de los r\u00edos Delf\u00edn, Negro, Seso y L\u00edmite, entre otras peque\u00f1as quebradas.San Francisco.<\/p>\n<p>[\/vc_column_text][\/vc_column][\/vc_row][vc_row][vc_column width=\u00bb1\/2&#8243;][vc_column_text css_animation=\u00bbfadeInDown\u00bb]<\/p>\n<blockquote>\n<h3 style=\"text-align: center;\"><strong>\u00c1REA DE CONSERVACI\u00d3N AMBIENTAL<\/strong><br \/><strong> \u00abAMEEREGA LA COLINA\u00bb<\/strong><\/h3>\n<\/blockquote>\n<p>[\/vc_column_text][vc_column_text]<!-- \/wp:paragraph --><\/p>\n<p>El \u00c1rea de Conservaci\u00f3n Ambiental \u201cAmeerega La Colina\u201d, ubicado en los sectores de San Luis, Alto Miraflores y La Colina del distrito y provincia de Oxapampa, Departamento de Pasco de un \u00e1rea de 682.4025 Ha. fue creada mediante Ordenanza Municipal N\u00b0545-2021-MPO de fecha 10 de mayo del 2021<\/p>\n<p>El objetivo del ACA Ameerega La Colina es conservar una muestra representativa del ecosistema del distrito de Oxapampa, as\u00ed como promover los servicios ambientales, contribuyendo el bienestar de la poblaci\u00f3n y conservar el h\u00e1bitad del <em>Ameerega Planipaleae.<\/em><\/p>\n<p>[\/vc_column_text][\/vc_column][vc_column width=\u00bb1\/2&#8243;][vc_single_image image=\u00bb1666&#8243; img_size=\u00bb350&#215;480&#8243; alignment=\u00bbcenter\u00bb css_animation=\u00bbbounceInRight\u00bb][\/vc_column][\/vc_row][vc_row][vc_column][\/vc_column][\/vc_row]<\/p>\n","protected":false},"excerpt":{"rendered":"<p>[vc_row][vc_column width=\u00bb1\/2&#8243;][vc_single_image image=\u00bb1452&#8243; img_size=\u00bb350&#215;360&#8243; alignment=\u00bbcenter\u00bb css_animation=\u00bbbounceInRight\u00bb][\/vc_column][vc_column width=\u00bb1\/2&#8243;][vc_column_text css_animation=\u00bbfadeInDown\u00bb] ACM BOSQUE SHO&#8217;LLET [\/vc_column_text][vc_column_text] El \u00c1rea de Conservaci\u00f3n Municipal Bosque Sho\u2019llet tiene una superficie de 8995,20 hect\u00e1reas y se ubica a una altitud promedio de 2200 msnm, en una semi-meseta que constituye el divortium aquarum que divide las cuencas de Oxapampa y Villa Rica. Se han identificado&hellip;<\/p>\n","protected":false},"author":4,"featured_media":0,"parent":416,"menu_order":0,"comment_status":"closed","ping_status":"closed","template":"","meta":{"_joinchat":[]},"class_list":["post-1073","page","type-page","status-publish","hentry","description-off"],"yoast_head":"<!-- This site is optimized with the Yoast SEO plugin v26.2 - https:\/\/yoast.com\/wordpress\/plugins\/seo\/ -->\n<title>Otras Modalidades de Conservaci\u00f3n - BIOAY<\/title>\n<meta name=\"robots\" content=\"index, follow, max-snippet:-1, max-image-preview:large, max-video-preview:-1\" \/>\n<link rel=\"canonical\" href=\"https:\/\/bioay.org\/?page_id=1073\" \/>\n<meta property=\"og:locale\" content=\"es_ES\" \/>\n<meta property=\"og:type\" content=\"article\" \/>\n<meta property=\"og:title\" content=\"Otras Modalidades de Conservaci\u00f3n - BIOAY\" \/>\n<meta property=\"og:description\" content=\"[vc_row][vc_column width=\u00bb1\/2&#8243;][vc_single_image image=\u00bb1452&#8243; img_size=\u00bb350&#215;360&#8243; alignment=\u00bbcenter\u00bb css_animation=\u00bbbounceInRight\u00bb][\/vc_column][vc_column width=\u00bb1\/2&#8243;][vc_column_text css_animation=\u00bbfadeInDown\u00bb] ACM BOSQUE SHO&#8217;LLET [\/vc_column_text][vc_column_text] El \u00c1rea de Conservaci\u00f3n Municipal Bosque Sho\u2019llet tiene una superficie de 8995,20 hect\u00e1reas y se ubica a una altitud promedio de 2200 msnm, en una semi-meseta que constituye el divortium aquarum que divide las cuencas de Oxapampa y Villa Rica. Se han identificado&hellip;\" \/>\n<meta property=\"og:url\" content=\"https:\/\/bioay.org\/?page_id=1073\" \/>\n<meta property=\"og:site_name\" content=\"BIOAY\" \/>\n<meta property=\"article:publisher\" content=\"https:\/\/web.facebook.com\/BIOAYOFICIAL\" \/>\n<meta property=\"article:modified_time\" content=\"2022-05-19T21:42:24+00:00\" \/>\n<meta name=\"twitter:card\" content=\"summary_large_image\" \/>\n<meta name=\"twitter:site\" content=\"@biosferaoxa\" \/>\n<meta name=\"twitter:label1\" content=\"Tiempo de lectura\" \/>\n\t<meta name=\"twitter:data1\" content=\"3 minutos\" \/>\n<script type=\"application\/ld+json\" class=\"yoast-schema-graph\">{\"@context\":\"https:\/\/schema.org\",\"@graph\":[{\"@type\":\"WebPage\",\"@id\":\"https:\/\/bioay.org\/?page_id=1073\",\"url\":\"https:\/\/bioay.org\/?page_id=1073\",\"name\":\"Otras Modalidades de Conservaci\u00f3n - BIOAY\",\"isPartOf\":{\"@id\":\"https:\/\/bioay.org\/#website\"},\"datePublished\":\"2020-06-15T20:33:39+00:00\",\"dateModified\":\"2022-05-19T21:42:24+00:00\",\"breadcrumb\":{\"@id\":\"https:\/\/bioay.org\/?page_id=1073#breadcrumb\"},\"inLanguage\":\"es\",\"potentialAction\":[{\"@type\":\"ReadAction\",\"target\":[\"https:\/\/bioay.org\/?page_id=1073\"]}]},{\"@type\":\"BreadcrumbList\",\"@id\":\"https:\/\/bioay.org\/?page_id=1073#breadcrumb\",\"itemListElement\":[{\"@type\":\"ListItem\",\"position\":1,\"name\":\"Portada\",\"item\":\"https:\/\/bioay.org\/\"},{\"@type\":\"ListItem\",\"position\":2,\"name\":\"Inicio\",\"item\":\"https:\/\/bioay.org\/\"},{\"@type\":\"ListItem\",\"position\":3,\"name\":\"Otras Modalidades de Conservaci\u00f3n\"}]},{\"@type\":\"WebSite\",\"@id\":\"https:\/\/bioay.org\/#website\",\"url\":\"https:\/\/bioay.org\/\",\"name\":\"Reserva de Biosfera Oxapampa Ash\u00e1ninka Y\u00e1nesha\",\"description\":\"Reserva de Bi\u00f3sfera Oxapampa Ashaninka Yanesha\",\"publisher\":{\"@id\":\"https:\/\/bioay.org\/#organization\"},\"potentialAction\":[{\"@type\":\"SearchAction\",\"target\":{\"@type\":\"EntryPoint\",\"urlTemplate\":\"https:\/\/bioay.org\/?s={search_term_string}\"},\"query-input\":{\"@type\":\"PropertyValueSpecification\",\"valueRequired\":true,\"valueName\":\"search_term_string\"}}],\"inLanguage\":\"es\"},{\"@type\":\"Organization\",\"@id\":\"https:\/\/bioay.org\/#organization\",\"name\":\"Reserva de Biosfera Oxapampa Ash\u00e1ninka Y\u00e1nesha\",\"url\":\"https:\/\/bioay.org\/\",\"logo\":{\"@type\":\"ImageObject\",\"inLanguage\":\"es\",\"@id\":\"https:\/\/bioay.org\/#\/schema\/logo\/image\/\",\"url\":\"https:\/\/bioay.org\/wp-content\/uploads\/2020\/09\/logo-bioay-1.png\",\"contentUrl\":\"https:\/\/bioay.org\/wp-content\/uploads\/2020\/09\/logo-bioay-1.png\",\"width\":225,\"height\":225,\"caption\":\"Reserva de Biosfera Oxapampa Ash\u00e1ninka Y\u00e1nesha\"},\"image\":{\"@id\":\"https:\/\/bioay.org\/#\/schema\/logo\/image\/\"},\"sameAs\":[\"https:\/\/web.facebook.com\/BIOAYOFICIAL\",\"https:\/\/x.com\/biosferaoxa\",\"https:\/\/www.instagram.com\/biosferaoxapampa\/\",\"https:\/\/www.youtube.com\/channel\/UCKNpZrZsnVsKI4YgsaiTCbA\"]}]}<\/script>\n<!-- \/ Yoast SEO plugin. -->","yoast_head_json":{"title":"Otras Modalidades de Conservaci\u00f3n - BIOAY","robots":{"index":"index","follow":"follow","max-snippet":"max-snippet:-1","max-image-preview":"max-image-preview:large","max-video-preview":"max-video-preview:-1"},"canonical":"https:\/\/bioay.org\/?page_id=1073","og_locale":"es_ES","og_type":"article","og_title":"Otras Modalidades de Conservaci\u00f3n - BIOAY","og_description":"[vc_row][vc_column width=\u00bb1\/2&#8243;][vc_single_image image=\u00bb1452&#8243; img_size=\u00bb350&#215;360&#8243; alignment=\u00bbcenter\u00bb css_animation=\u00bbbounceInRight\u00bb][\/vc_column][vc_column width=\u00bb1\/2&#8243;][vc_column_text css_animation=\u00bbfadeInDown\u00bb] ACM BOSQUE SHO&#8217;LLET [\/vc_column_text][vc_column_text] El \u00c1rea de Conservaci\u00f3n Municipal Bosque Sho\u2019llet tiene una superficie de 8995,20 hect\u00e1reas y se ubica a una altitud promedio de 2200 msnm, en una semi-meseta que constituye el divortium aquarum que divide las cuencas de Oxapampa y Villa Rica. Se han identificado&hellip;","og_url":"https:\/\/bioay.org\/?page_id=1073","og_site_name":"BIOAY","article_publisher":"https:\/\/web.facebook.com\/BIOAYOFICIAL","article_modified_time":"2022-05-19T21:42:24+00:00","twitter_card":"summary_large_image","twitter_site":"@biosferaoxa","twitter_misc":{"Tiempo de lectura":"3 minutos"},"schema":{"@context":"https:\/\/schema.org","@graph":[{"@type":"WebPage","@id":"https:\/\/bioay.org\/?page_id=1073","url":"https:\/\/bioay.org\/?page_id=1073","name":"Otras Modalidades de Conservaci\u00f3n - BIOAY","isPartOf":{"@id":"https:\/\/bioay.org\/#website"},"datePublished":"2020-06-15T20:33:39+00:00","dateModified":"2022-05-19T21:42:24+00:00","breadcrumb":{"@id":"https:\/\/bioay.org\/?page_id=1073#breadcrumb"},"inLanguage":"es","potentialAction":[{"@type":"ReadAction","target":["https:\/\/bioay.org\/?page_id=1073"]}]},{"@type":"BreadcrumbList","@id":"https:\/\/bioay.org\/?page_id=1073#breadcrumb","itemListElement":[{"@type":"ListItem","position":1,"name":"Portada","item":"https:\/\/bioay.org\/"},{"@type":"ListItem","position":2,"name":"Inicio","item":"https:\/\/bioay.org\/"},{"@type":"ListItem","position":3,"name":"Otras Modalidades de Conservaci\u00f3n"}]},{"@type":"WebSite","@id":"https:\/\/bioay.org\/#website","url":"https:\/\/bioay.org\/","name":"Reserva de Biosfera Oxapampa Ash\u00e1ninka Y\u00e1nesha","description":"Reserva de Bi\u00f3sfera Oxapampa Ashaninka Yanesha","publisher":{"@id":"https:\/\/bioay.org\/#organization"},"potentialAction":[{"@type":"SearchAction","target":{"@type":"EntryPoint","urlTemplate":"https:\/\/bioay.org\/?s={search_term_string}"},"query-input":{"@type":"PropertyValueSpecification","valueRequired":true,"valueName":"search_term_string"}}],"inLanguage":"es"},{"@type":"Organization","@id":"https:\/\/bioay.org\/#organization","name":"Reserva de Biosfera Oxapampa Ash\u00e1ninka Y\u00e1nesha","url":"https:\/\/bioay.org\/","logo":{"@type":"ImageObject","inLanguage":"es","@id":"https:\/\/bioay.org\/#\/schema\/logo\/image\/","url":"https:\/\/bioay.org\/wp-content\/uploads\/2020\/09\/logo-bioay-1.png","contentUrl":"https:\/\/bioay.org\/wp-content\/uploads\/2020\/09\/logo-bioay-1.png","width":225,"height":225,"caption":"Reserva de Biosfera Oxapampa Ash\u00e1ninka Y\u00e1nesha"},"image":{"@id":"https:\/\/bioay.org\/#\/schema\/logo\/image\/"},"sameAs":["https:\/\/web.facebook.com\/BIOAYOFICIAL","https:\/\/x.com\/biosferaoxa","https:\/\/www.instagram.com\/biosferaoxapampa\/","https:\/\/www.youtube.com\/channel\/UCKNpZrZsnVsKI4YgsaiTCbA"]}]}},"_links":{"self":[{"href":"https:\/\/bioay.org\/index.php?rest_route=\/wp\/v2\/pages\/1073","targetHints":{"allow":["GET"]}}],"collection":[{"href":"https:\/\/bioay.org\/index.php?rest_route=\/wp\/v2\/pages"}],"about":[{"href":"https:\/\/bioay.org\/index.php?rest_route=\/wp\/v2\/types\/page"}],"author":[{"embeddable":true,"href":"https:\/\/bioay.org\/index.php?rest_route=\/wp\/v2\/users\/4"}],"replies":[{"embeddable":true,"href":"https:\/\/bioay.org\/index.php?rest_route=%2Fwp%2Fv2%2Fcomments&post=1073"}],"version-history":[{"count":11,"href":"https:\/\/bioay.org\/index.php?rest_route=\/wp\/v2\/pages\/1073\/revisions"}],"predecessor-version":[{"id":1667,"href":"https:\/\/bioay.org\/index.php?rest_route=\/wp\/v2\/pages\/1073\/revisions\/1667"}],"up":[{"embeddable":true,"href":"https:\/\/bioay.org\/index.php?rest_route=\/wp\/v2\/pages\/416"}],"wp:attachment":[{"href":"https:\/\/bioay.org\/index.php?rest_route=%2Fwp%2Fv2%2Fmedia&parent=1073"}],"curies":[{"name":"wp","href":"https:\/\/api.w.org\/{rel}","templated":true}]}}