{"id":1098,"date":"2020-06-16T22:56:40","date_gmt":"2020-06-16T22:56:40","guid":{"rendered":"https:\/\/bioay.org\/?page_id=1098"},"modified":"2020-09-04T12:24:48","modified_gmt":"2020-09-04T12:24:48","slug":"ganaderia-en-la-bioay","status":"publish","type":"page","link":"https:\/\/bioay.org\/?page_id=1098","title":{"rendered":"Ganader\u00eda en la BIOAY"},"content":{"rendered":"<p>[vc_row][vc_column][vc_single_image image=\u00bb1416&#8243; img_size=\u00bb900&#215;550&#8243; alignment=\u00bbcenter\u00bb css_animation=\u00bbzoomIn\u00bb][\/vc_column][\/vc_row][vc_row][vc_column][vc_column_text]<\/p>\n<p style=\"text-align: justify;\">La actividad pecuaria se desarrolla simult\u00e1neamente con la agricultura. El distrito de Oxapampa en el 2007, registr\u00f3 6 844 aves, 7 676 cabezas de vacuno y 1 852 de porcino.<\/p>\n<p style=\"text-align: justify;\">En la BIOAY una de las actividades principales es la crianza de ganado vacuno tanto de leche y carne de acuerdo a su ubicaci\u00f3n geogr\u00e1fica, con una diversidad de razas, as\u00ed tenemos en zona de selva baja el ganado con predominancia es la Brahma muchas veces mezclados con otras razas para mejorar la producci\u00f3n. En zona de ceja de selva predomina la raza de Brown Swiss, mezcladas con otras razas totalizando una poblaci\u00f3n de 100,000 cabezas aproximados. Para la alimentaci\u00f3n de estos ganados se tiene instalado 681,300 has. De pastos braquiaria y 333,500 has. De pasto setaria. La comercializaci\u00f3n se efect\u00faa mayormente en la ciudad de Lima, por la calidad de la carne que se produce, y en poca escala las ciudades de Huancayo, La Merced, y otros de la zona de selva central.<\/p>\n<p style=\"text-align: justify;\">Dentro de los principales productos l\u00e1cteos destacan la leche fresca y pasteurizada y el queso que se comercializan en la provincia de Oxapampa, la Merced y en los principales supermercados de la capital. La comercializaci\u00f3n del ganado vacuno se da a trav\u00e9s de intermediarios en los diferentes mercados: A nivel local se comercializa en peque\u00f1as cantidades, la mayor producci\u00f3n se destina al mercado de Lima.<\/p>\n<p>Fuente: Ing. Judith Melina Sanchez \/ Agencia Agraria<\/p>\n<p>&nbsp;[\/vc_column_text][\/vc_column][\/vc_row][vc_row][vc_column][vc_separator][vc_column_text]<\/p>\n<p style=\"text-align: center;\"><strong>La ganader\u00eda sostiene a un gran sector de la PEA (Poblaci\u00f3n Econ\u00f3micamente Activa) de la BIOAY<\/strong><br \/>\nFuente: Plan de Desarrollo Concertado 2020[\/vc_column_text][vc_single_image image=\u00bb1541&#8243; img_size=\u00bb3800&#215;3550&#8243; alignment=\u00bbcenter\u00bb][\/vc_column][\/vc_row]<\/p>\n","protected":false},"excerpt":{"rendered":"<p>[vc_row][vc_column][vc_single_image image=\u00bb1416&#8243; img_size=\u00bb900&#215;550&#8243; alignment=\u00bbcenter\u00bb css_animation=\u00bbzoomIn\u00bb][\/vc_column][\/vc_row][vc_row][vc_column][vc_column_text] La actividad pecuaria se desarrolla simult\u00e1neamente con la agricultura. El distrito de Oxapampa en el 2007, registr\u00f3 6 844 aves, 7 676 cabezas de vacuno y 1 852 de porcino. En la BIOAY una de las actividades principales es la crianza de ganado vacuno tanto de leche y carne de&hellip;<\/p>\n","protected":false},"author":4,"featured_media":0,"parent":0,"menu_order":0,"comment_status":"closed","ping_status":"closed","template":"","meta":{"_joinchat":[]},"class_list":["post-1098","page","type-page","status-publish","hentry","description-off"],"yoast_head":"<!-- This site is optimized with the Yoast SEO plugin v26.2 - https:\/\/yoast.com\/wordpress\/plugins\/seo\/ -->\n<title>Ganader\u00eda en la BIOAY - BIOAY<\/title>\n<meta name=\"robots\" content=\"index, follow, max-snippet:-1, max-image-preview:large, max-video-preview:-1\" \/>\n<link rel=\"canonical\" href=\"https:\/\/bioay.org\/?page_id=1098\" \/>\n<meta property=\"og:locale\" content=\"es_ES\" \/>\n<meta property=\"og:type\" content=\"article\" \/>\n<meta property=\"og:title\" content=\"Ganader\u00eda en la BIOAY - BIOAY\" \/>\n<meta property=\"og:description\" content=\"[vc_row][vc_column][vc_single_image image=\u00bb1416&#8243; img_size=\u00bb900&#215;550&#8243; alignment=\u00bbcenter\u00bb css_animation=\u00bbzoomIn\u00bb][\/vc_column][\/vc_row][vc_row][vc_column][vc_column_text] La actividad pecuaria se desarrolla simult\u00e1neamente con la agricultura. El distrito de Oxapampa en el 2007, registr\u00f3 6 844 aves, 7 676 cabezas de vacuno y 1 852 de porcino. En la BIOAY una de las actividades principales es la crianza de ganado vacuno tanto de leche y carne de&hellip;\" \/>\n<meta property=\"og:url\" content=\"https:\/\/bioay.org\/?page_id=1098\" \/>\n<meta property=\"og:site_name\" content=\"BIOAY\" \/>\n<meta property=\"article:publisher\" content=\"https:\/\/web.facebook.com\/BIOAYOFICIAL\" \/>\n<meta property=\"article:modified_time\" content=\"2020-09-04T12:24:48+00:00\" \/>\n<meta name=\"twitter:card\" content=\"summary_large_image\" \/>\n<meta name=\"twitter:site\" content=\"@biosferaoxa\" \/>\n<meta name=\"twitter:label1\" content=\"Tiempo de lectura\" \/>\n\t<meta name=\"twitter:data1\" content=\"2 minutos\" \/>\n<script type=\"application\/ld+json\" class=\"yoast-schema-graph\">{\"@context\":\"https:\/\/schema.org\",\"@graph\":[{\"@type\":\"WebPage\",\"@id\":\"https:\/\/bioay.org\/?page_id=1098\",\"url\":\"https:\/\/bioay.org\/?page_id=1098\",\"name\":\"Ganader\u00eda en la BIOAY - BIOAY\",\"isPartOf\":{\"@id\":\"https:\/\/bioay.org\/#website\"},\"datePublished\":\"2020-06-16T22:56:40+00:00\",\"dateModified\":\"2020-09-04T12:24:48+00:00\",\"breadcrumb\":{\"@id\":\"https:\/\/bioay.org\/?page_id=1098#breadcrumb\"},\"inLanguage\":\"es\",\"potentialAction\":[{\"@type\":\"ReadAction\",\"target\":[\"https:\/\/bioay.org\/?page_id=1098\"]}]},{\"@type\":\"BreadcrumbList\",\"@id\":\"https:\/\/bioay.org\/?page_id=1098#breadcrumb\",\"itemListElement\":[{\"@type\":\"ListItem\",\"position\":1,\"name\":\"Portada\",\"item\":\"https:\/\/bioay.org\/\"},{\"@type\":\"ListItem\",\"position\":2,\"name\":\"Ganader\u00eda en la BIOAY\"}]},{\"@type\":\"WebSite\",\"@id\":\"https:\/\/bioay.org\/#website\",\"url\":\"https:\/\/bioay.org\/\",\"name\":\"Reserva de Biosfera Oxapampa Ash\u00e1ninka Y\u00e1nesha\",\"description\":\"Reserva de Bi\u00f3sfera Oxapampa Ashaninka Yanesha\",\"publisher\":{\"@id\":\"https:\/\/bioay.org\/#organization\"},\"potentialAction\":[{\"@type\":\"SearchAction\",\"target\":{\"@type\":\"EntryPoint\",\"urlTemplate\":\"https:\/\/bioay.org\/?s={search_term_string}\"},\"query-input\":{\"@type\":\"PropertyValueSpecification\",\"valueRequired\":true,\"valueName\":\"search_term_string\"}}],\"inLanguage\":\"es\"},{\"@type\":\"Organization\",\"@id\":\"https:\/\/bioay.org\/#organization\",\"name\":\"Reserva de Biosfera Oxapampa Ash\u00e1ninka Y\u00e1nesha\",\"url\":\"https:\/\/bioay.org\/\",\"logo\":{\"@type\":\"ImageObject\",\"inLanguage\":\"es\",\"@id\":\"https:\/\/bioay.org\/#\/schema\/logo\/image\/\",\"url\":\"https:\/\/bioay.org\/wp-content\/uploads\/2020\/09\/logo-bioay-1.png\",\"contentUrl\":\"https:\/\/bioay.org\/wp-content\/uploads\/2020\/09\/logo-bioay-1.png\",\"width\":225,\"height\":225,\"caption\":\"Reserva de Biosfera Oxapampa Ash\u00e1ninka Y\u00e1nesha\"},\"image\":{\"@id\":\"https:\/\/bioay.org\/#\/schema\/logo\/image\/\"},\"sameAs\":[\"https:\/\/web.facebook.com\/BIOAYOFICIAL\",\"https:\/\/x.com\/biosferaoxa\",\"https:\/\/www.instagram.com\/biosferaoxapampa\/\",\"https:\/\/www.youtube.com\/channel\/UCKNpZrZsnVsKI4YgsaiTCbA\"]}]}<\/script>\n<!-- \/ Yoast SEO plugin. -->","yoast_head_json":{"title":"Ganader\u00eda en la BIOAY - BIOAY","robots":{"index":"index","follow":"follow","max-snippet":"max-snippet:-1","max-image-preview":"max-image-preview:large","max-video-preview":"max-video-preview:-1"},"canonical":"https:\/\/bioay.org\/?page_id=1098","og_locale":"es_ES","og_type":"article","og_title":"Ganader\u00eda en la BIOAY - BIOAY","og_description":"[vc_row][vc_column][vc_single_image image=\u00bb1416&#8243; img_size=\u00bb900&#215;550&#8243; alignment=\u00bbcenter\u00bb css_animation=\u00bbzoomIn\u00bb][\/vc_column][\/vc_row][vc_row][vc_column][vc_column_text] La actividad pecuaria se desarrolla simult\u00e1neamente con la agricultura. El distrito de Oxapampa en el 2007, registr\u00f3 6 844 aves, 7 676 cabezas de vacuno y 1 852 de porcino. En la BIOAY una de las actividades principales es la crianza de ganado vacuno tanto de leche y carne de&hellip;","og_url":"https:\/\/bioay.org\/?page_id=1098","og_site_name":"BIOAY","article_publisher":"https:\/\/web.facebook.com\/BIOAYOFICIAL","article_modified_time":"2020-09-04T12:24:48+00:00","twitter_card":"summary_large_image","twitter_site":"@biosferaoxa","twitter_misc":{"Tiempo de lectura":"2 minutos"},"schema":{"@context":"https:\/\/schema.org","@graph":[{"@type":"WebPage","@id":"https:\/\/bioay.org\/?page_id=1098","url":"https:\/\/bioay.org\/?page_id=1098","name":"Ganader\u00eda en la BIOAY - BIOAY","isPartOf":{"@id":"https:\/\/bioay.org\/#website"},"datePublished":"2020-06-16T22:56:40+00:00","dateModified":"2020-09-04T12:24:48+00:00","breadcrumb":{"@id":"https:\/\/bioay.org\/?page_id=1098#breadcrumb"},"inLanguage":"es","potentialAction":[{"@type":"ReadAction","target":["https:\/\/bioay.org\/?page_id=1098"]}]},{"@type":"BreadcrumbList","@id":"https:\/\/bioay.org\/?page_id=1098#breadcrumb","itemListElement":[{"@type":"ListItem","position":1,"name":"Portada","item":"https:\/\/bioay.org\/"},{"@type":"ListItem","position":2,"name":"Ganader\u00eda en la BIOAY"}]},{"@type":"WebSite","@id":"https:\/\/bioay.org\/#website","url":"https:\/\/bioay.org\/","name":"Reserva de Biosfera Oxapampa Ash\u00e1ninka Y\u00e1nesha","description":"Reserva de Bi\u00f3sfera Oxapampa Ashaninka Yanesha","publisher":{"@id":"https:\/\/bioay.org\/#organization"},"potentialAction":[{"@type":"SearchAction","target":{"@type":"EntryPoint","urlTemplate":"https:\/\/bioay.org\/?s={search_term_string}"},"query-input":{"@type":"PropertyValueSpecification","valueRequired":true,"valueName":"search_term_string"}}],"inLanguage":"es"},{"@type":"Organization","@id":"https:\/\/bioay.org\/#organization","name":"Reserva de Biosfera Oxapampa Ash\u00e1ninka Y\u00e1nesha","url":"https:\/\/bioay.org\/","logo":{"@type":"ImageObject","inLanguage":"es","@id":"https:\/\/bioay.org\/#\/schema\/logo\/image\/","url":"https:\/\/bioay.org\/wp-content\/uploads\/2020\/09\/logo-bioay-1.png","contentUrl":"https:\/\/bioay.org\/wp-content\/uploads\/2020\/09\/logo-bioay-1.png","width":225,"height":225,"caption":"Reserva de Biosfera Oxapampa Ash\u00e1ninka Y\u00e1nesha"},"image":{"@id":"https:\/\/bioay.org\/#\/schema\/logo\/image\/"},"sameAs":["https:\/\/web.facebook.com\/BIOAYOFICIAL","https:\/\/x.com\/biosferaoxa","https:\/\/www.instagram.com\/biosferaoxapampa\/","https:\/\/www.youtube.com\/channel\/UCKNpZrZsnVsKI4YgsaiTCbA"]}]}},"_links":{"self":[{"href":"https:\/\/bioay.org\/index.php?rest_route=\/wp\/v2\/pages\/1098","targetHints":{"allow":["GET"]}}],"collection":[{"href":"https:\/\/bioay.org\/index.php?rest_route=\/wp\/v2\/pages"}],"about":[{"href":"https:\/\/bioay.org\/index.php?rest_route=\/wp\/v2\/types\/page"}],"author":[{"embeddable":true,"href":"https:\/\/bioay.org\/index.php?rest_route=\/wp\/v2\/users\/4"}],"replies":[{"embeddable":true,"href":"https:\/\/bioay.org\/index.php?rest_route=%2Fwp%2Fv2%2Fcomments&post=1098"}],"version-history":[{"count":6,"href":"https:\/\/bioay.org\/index.php?rest_route=\/wp\/v2\/pages\/1098\/revisions"}],"predecessor-version":[{"id":1569,"href":"https:\/\/bioay.org\/index.php?rest_route=\/wp\/v2\/pages\/1098\/revisions\/1569"}],"wp:attachment":[{"href":"https:\/\/bioay.org\/index.php?rest_route=%2Fwp%2Fv2%2Fmedia&parent=1098"}],"curies":[{"name":"wp","href":"https:\/\/api.w.org\/{rel}","templated":true}]}}